144
Calculate the highest common factor of 11 and 352.
11
Calculate the greatest common divisor of 16 and 3728.
16
What is the highest common factor of 714 and 2278?
34
Calculate the greatest common divisor of 52 and 793.
13
Calculate the greatest common factor of 6336 and 550.
22
Calculate the greatest common factor of 33 and 111.
3
Calculate the highest common factor of 13 and 299.
13
What is the highest common divisor of 4200 and 28?
28
Calculate the greatest common divisor of 192 and 8952.
24
Calculate the greatest common divisor of 46 and 851.
23
Calculate the highest common divisor of 21 and 161.
7
Calculate the highest common divisor of 1560 and 26.
26
What is the greatest common factor of 84 and 651?
21
What is the greatest common factor of 6 and 596?
2
What is the highest common divisor of 185 and 333?
37
What is the greatest common factor of 1195 and 85?
5
What is the greatest common factor of 288 and 15192?
72
What is the greatest common divisor of 13 and 195?
13
What is the highest common divisor of 64 and 208?
16
What is the greatest common factor of 784 and 49?
49
Calculate the greatest common factor of 976 and 427.
61
Calculate the greatest common divisor of 2475 and 33.
33
What is the highest common factor of 158 and 79?
79
Calculate the highest common divisor of 225 and 195.
15
What is the highest common factor of 159 and 583?
53
What is the highest common factor of 122 and 5002?
122
What is the greatest common factor of 12566 and 206?
206
Calculate the greatest common divisor of 1024 and 8.
8
Calculate the highest common divisor of 20300 and 25.
25
Calculate the highest common factor of 315 and 280.
35
Calculate the highest common divisor of 456 and 399.
57
Calculate the highest common divisor of 60 and 12.
12
Calculate the highest common factor of 39 and 143.
13
What is the highest common divisor of 12 and 12948?
12
What is the highest common factor of 99 and 144?
9
Calculate the greatest common divisor of 816 and 3024.
48
Calculate the greatest common divisor of 1325 and 25.
25
Calculate the greatest common divisor of 318 and 2703.
159
What is the highest common divisor of 1456 and 224?
112
What is the highest common factor of 3652 and 176?
44
What is the highest common factor of 48 and 24?
24
What is the highest common factor of 473 and 86?
43
Calculate the highest common divisor of 38 and 741.
19
What is the highest common factor of 5340 and 240?
60
Calculate the highest common factor of 143 and 3302.
13
What is the highest common divisor of 107 and 85279?
107
Calculate the greatest common divisor of 900 and 120.
60
What is the greatest common factor of 3875 and 31?
31
What is the highest common factor of 81 and 126?
9
What is the greatest common factor of 22 and 55?
11
Calculate the highest common factor of 6 and 74.
2
Calculate the highest common divisor of 32 and 20.
4
Calculate the highest common factor of 45269 and 203.
203
Calculate the greatest common factor of 2085 and 15.
15
What is the greatest common factor of 66 and 110?
22
What is the highest common factor of 55 and 176?
11
Calculate the greatest common divisor of 945 and 783.
27
What is the greatest common factor of 243 and 657?
9
What is the greatest common divisor of 75 and 5925?
75
Calculate the greatest common divisor of 108 and 2538.
54
Calculate the greatest common factor of 1128 and 36.
12
What is the greatest common divisor of 141 and 11515?
47
Calculate the greatest common factor of 581 and 664.
83
Calculate the greatest common factor of 40 and 88.
8
Calculate the highest common divisor of 210 and 1610.
70
Calculate the greatest common factor of 448 and 4144.
112
What is the greatest common factor of 49 and 637?
49
Calculate the highest common divisor of 49 and 973.
7
Calculate the greatest common factor of 19465 and 255.
85
Calculate the greatest common divisor of 340 and 1275.
85
What is the highest common divisor of 9917 and 844?
211
What is the highest common factor of 1106 and 70?
14
Calculate the highest common factor of 148 and 68.
4
Calculate the greatest common divisor of 45 and 405.
45
What is the greatest common divisor of 19 and 608?
19
What is the greatest common divisor of 596 and 1639?
149
What is the greatest common divisor of 485 and 679?
97
What is the highest common factor of 18 and 720?
18
What is the greatest common factor of 96 and 3504?
48
Calculate the greatest common factor of 60 and 9732.
12
What is the highest common factor of 106 and 159?
53
What is the highest common factor of 1764 and 216?
36
Calculate the highest common factor of 21 and 1.
1
What is the greatest common factor of 108 and 243?
27
What is the highest common divisor of 92 and 1472?
92
Calculate the highest common divisor of 4797 and 82.
41
Calculate the highest common divisor of 9 and 453.
3
Calculate the highest common factor of 15105 and 570.
285
What is the highest common factor of 1781 and 13?
13
What is the greatest common divisor of 234 and 54?
18
What is the highest common divisor of 7272 and 216?
72
Calculate the highest common divisor of 32 and 288.
32
Calculate the highest common divisor of 78 and 7566.
78
What is the highest common divisor of 26 and 32734?
26
What is the greatest common divisor of 150 and 60?
30
Calculate the greatest common factor of 102 and 238.
34
Calculate the highest common divisor of 5 and 320.
5
Calculate the greatest common divisor of 65 and 5.
5
Calculate the greatest common divisor of 4419 and 3.
3
What is the greatest common factor of 440 and 132?
44
Calculate the greatest common factor of 384 and 3184.
16
What is the greatest common factor of 1364 and 88?
44
What is the highest common factor of 640 and 1760?
160
What is the greatest common factor of 240 and 110?
10
Calculate the highest common divisor of 861 and 105.
21
What is the greatest common factor of 885 and 15?
15
What is the greatest common divisor of 1805 and 95?
95
Calculate the greatest common divisor of 315 and 1505.
35
Calculate the greatest common divisor of 90 and 4.
2
What is the highest common divisor of 39174 and 6?
6
What is the highest common divisor of 100 and 30?
10
What is the highest common divisor of 103 and 15244?
103
What is the greatest common factor of 292 and 219?
73
What is the greatest common divisor of 8 and 136?
8
What is the highest common divisor of 5988 and 24?
12
What is the greatest common divisor of 78 and 130?
26
What is the highest common divisor of 198 and 2475?
99
Calculate the greatest common divisor of 27 and 30321.
27
What is the highest common divisor of 885 and 8673?
177
What is the greatest common factor of 5509 and 7?
7
Calculate the greatest common divisor of 22 and 32.
2
Calculate the greatest common factor of 12285 and 252.
63
Calculate the greatest common divisor of 32 and 8608.
32
What is the highest common divisor of 49 and 2989?
49
What is the greatest common factor of 56 and 1512?
56
What is the greatest common factor of 69654 and 94?
94
Calculate the highest common factor of 149 and 298.
149
What is the greatest common factor of 993 and 33?
3
Calculate the highest common factor of 1200 and 720.
240
What is the greatest common factor of 178 and 2?
2
What is the greatest common divisor of 362 and 7783?
181
What is the greatest common factor of 43 and 5?
1
Calculate the highest common factor of 632 and 8.
8
Calculate the greatest common factor of 294 and 147.
147
What is the highest common factor of 120 and 45?
15
Calculate the greatest common factor of 1200 and 448.
16
What is the greatest common divisor of 945 and 84?
21
Calculate the highest common divisor of 334 and 43921.
167
Calculate the greatest common factor of 14 and 2086.
14
What is the highest common divisor of 12 and 65892?
12
What is the highest common factor of 126 and 1098?
18
What is the highest common divisor of 1313 and 505?
101
What is the highest common factor of 46 and 10?
2
What is the greatest common divisor of 14 and 994?
14
What is the greatest common divisor of 324 and 12?
12
What is the highest common divisor of 655 and 10?
5
Calculate the greatest common factor of 90 and 720.
90
What is the greatest common factor of 16 and 200?
8
Calculate the greatest common divisor of 2596 and 44.
44
What is the highest common factor of 42 a